r?
True
Is 22944697001 a prime number?
False
Is 45965064571 a composite number?
False
Is 1778730197 a prime number?
True
Is 8570362321 a prime number?
False
Is 56589018721 prime?
False
Is 503198799 prime?
False
Is 43368672769 prime?
True
Is 35660147297 a prime number?
False
Is 1123632307 prime?
False
Is 13594919447 prime?
True
Is 1495354517 prime?
True
Is 12686439791 a composite number?
False
Is 34614584591 a prime number?
False
Is 45466098229 a composite number?
True
Is 3279421487 prime?
True
Is 6327433787 a composite number?
True
Is 684958849 prime?
False
Is 59921169137 a prime number?
False
Is 58492033 a composite number?
False
Is 17904984319 a prime number?
True
Is 486817847 a prime number?
False
Is 2584226167 a prime number?
False
Is 5411660197 prime?
True
Is 464669617 a prime number?
True
Is 13784519327 composite?
True
Is 11880516919 a prime number?
False
Is 3263530717 prime?
True
Is 3769542523 prime?
False
Is 5369478503 composite?
True
Is 148866113273 a composite number?
False
Is 1121100457 prime?
True
Is 93230650933 prime?
False
Is 77170956613 composite?
False
Is 10566767 a prime number?
True
Is 8931147389 a prime number?
True
Is 965845289 composite?
False
Is 6589466033 a prime number?
False
Is 119407822691 a prime number?
False
Is 8071761559 composite?
False
Is 8355070453 a prime number?
True
Is 22507065209 a prime number?
False
Is 14367880417 prime?
False
Is 22480611583 composite?
True
Is 43822648871 composite?
False
Is 17548966538 prime?
False
Is 1967284027 prime?
True
Is 35142685289 a composite number?
True
Is 221058317 prime?
True
Is 9157306143 prime?
False
Is 11361502613 prime?
False
Is 27884945371 a prime number?
False
Is 5401330589 a prime number?
True
Is 2442661873 composite?
True
Is 14574536683 composite?
True
Is 3282535073 composite?
True
Is 133830227 composite?
False
Is 6968594447 a prime number?
False
Is 87464590027 a composite number?
True
Is 103310843 composite?
False
Is 426183799 a composite number?
False
Is 24557109889 a composite number?
True
Is 1318580539 composite?
True
Is 3240282869 composite?
False
Is 15219547457 a prime number?
True
Is 1066396769 a prime number?
True
Is 1983602417 a prime number?
False
Is 4074528877 a composite number?
False
Is 114807023 a prime number?
True
Is 796052553 a composite number?
True
Is 34384474699 a composite number?
True
Is 3163052811 a prime number?
False
Is 4059122603 composite?
True
Is 9751192307 composite?
False
Is 55386317729 a prime number?
True
Is 77444053 prime?
True
Is 12936662609 prime?
False
Is 1470632153 a prime number?
True
Is 4100907983 a prime number?
True
Is 20496094851 a composite number?
True
Is 1164928283 a prime number?
True
Is 161935029653 a composite number?
False
Is 4555268477 prime?
True
Is 1308694091 a composite number?
False
Is 30854084341 prime?
False
Is 83158189831 a composite number?
False
Is 8142246461 a prime number?
False
Is 5977503313 composite?
True
Is 2659649747 composite?
True
Is 421872553 prime?
False
Is 70296069 prime?
False
Is 147091681 prime?
False
Is 3312841177 prime?
False
Is 77298749894 a prime number?
False
Is 10710468421 a composite number?
False
Is 16973227151 a prime number?
False
Is 3289146967 composite?
False
Is 153304081 composite?
True
Is 17222670627 a prime number?
False
Is 13001278621 a prime number?
True
Is 173010686003 composite?
False
Is 788949613 prime?
True
Is 9126958781 a prime number?
True
Is 974000843 a prime number?
True
Is 32213276269 composite?
True
Is 1561782611 composite?
False
Is 2114604035 prime?
False
Is 682447673 prime?
True
Is 141568583 prime?
False
Is 897522971 a composite number?
False
Is 8763215957 composite?
True
Is 2954066953 a prime number?
True
Is 10675571123 composite?
True
Is 338053603 composite?
False
Is 5311651019 composite?
False
Is 5769985097 a prime number?
True
Is 1315701509 composite?
True
Is 21740586941 a prime number?
True
Is 803233423 a composite number?
True
Is 102459554963 prime?
False
Is 73531624129 a composite number?
True
Is 7772519649 prime?
False
Is 44273766839 prime?
True
Is 4073360339 composite?
True
Is 96213433357 a composite number?
True
Is 3783496967 prime?
True
Is 42127820239 a prime number?
True
Is 908383811 a prime number?
True
Is 26423767031 prime?
True
Is 2338841 a composite number?
True
Is 88522223987 a prime number?
True
Is 688782377 a prime number?
True
Is 7587208721 composite?
False
Is 17034843097 a prime number?
True
Is 357008445499 a composite number?
False
Is 1609420823 a composite number?
True
Is 21196148333 composite?
False
Is 458897227 a composite number?
False
Is 546863351 composite?
False
Is 1742149547 composite?
True
Is 228426427 prime?
True
Is 67779139 a prime number?
True
Is 627675931 composite?
False
Is 1941877339 prime?
False
Is 1045910011 a composite number?
True
Is 18647106923 a prime number?
False
Is 273573144973 a composite number?
False
Is 374803972031 prime?
True
Is 4583830205 a prime number?
False
Is 2652823273 a composite number?
False
Is 428668897 prime?
True
Is 7219606421 prime?
False
Is 4351541617 prime?
True
Is 24837791855 a prime number?
False
Is 527519569 prime?
True
Is 27149742209 prime?
False
Is 369837239 composite?
False
Is 4281184897 a prime number?
False
Is 3338266643 a prime number?
True
Is 1574696467 a prime number?
False
Is 2350241147 a prime number?
False
Is 2795299889 prime?
False
Is 125392909 a prime number?
True
Is 90852791 composite?
True
Is 327978362 a composite number?
True
Is 253683047 prime?
True
Is 152095621 prime?
True
Is 6011215337 composite?
True
Is 338734645607 a prime number?
True
Is 32982392047 a composite number?
True
Is 2742677627 composite?
True
Is 29534782219 composite?
False
Is 14048076793 a composite number?
True
Is 125481071 a composite number?
False
Is 5467276333 composite?
True
Is 4323685319 prime?
True
Is 16518732019 a composite number?
False
Is 6759379897 prime?
True
Is 29325669761 a composite number?
False
Is 79354243 a composite number?
False
Is 4946699617 a composite number?
False
Is 10939811207 prime?
False
Is 16799051 a prime number?
True
Is 5792527913 prime?
False
Is 222024048881 a composite number?
False
Is 7967978741 a prime number?
False
Is 65229935831 composite?
False
Is 7240511671 a prime number?
False
Is 3957263153 a prime number?
True
Is 17169592273 a composite number?
True
Is 3681521507 prime?
True
Is 1690826171 a prime number?
False
Is 23633238419 a prime number?
False
Is 4095088207 a prime number?
False
Is 75778129367 a composite number?
False
Is 7980263237 prime?
True
Is 11975146433 a prime number?
True
Is 13781070439 a composite number?
True
Is 1731313091 composite?
False
Is 12036114793 prime?
True
Is 5018245651 prime?
True
Is 35908250971 composite?
True
Is 5368315129 composite?
False
Is 56925815269 a prime number?
True
Is 12037272091 a composite number?
True
Is 119875519 a prime number?
False
Is 70060045709 a prime number?
True
Is 310495639 a prime number?
True
Is 74330137517 a composite number?
False
Is 5671618067 a prime number?
False
Is 12068618203 a prime number?
False
Is 12874124737 a composite number?
True
Is 415359961 prime?
False
Is 2598073341 a prime number?
False
Is 1126049531 a prime number?
True
Is 3718946303 prime?
False
Is 22804042309 a prime number?
True
Is 721777049 prime?
False
Is 1818891973 a composite number?
False
Is 7636149251 a composite number?
True
Is 1206755567 a composite number?
False
Is 38830740203 prime?
False
Is 15126106139 prime?
True
Is 4032069689 composite?
False
Is 6132017663 prime?
True
Is 1346784199 composite?
False
Is 73667978161 prime?
False
Is 23080517 prime?
True
Is 6662557 prime?
False
Is 1213139827 composite?
True
Is 1414457879 a prime number?
True
Is 21226239259 a composite number?
False
Is 6615155641 composite?
False
Is 2250549109 prime?
False
Is 42041407763 prime?
True
Is 65594159 prime?
True
Is 3327420157 composite?
False
Is 3031323917 a prime number?
True
Is 2727864241 composite?
False
Is 25008011407 a prime number?
True
Is 5196145 a prime number?
False
Is 237452419 a composite number?
False
Is 4518024473 composite?
False
Is 6371465569 a composite number?
True
Is 33184544615 prime?
False
Is 72736087 a prime number?
False
Is 102986021 prime?
True
Is 108641089 a prime number?
True
Is 155884907 prime?
True
Is 39497095619 a prime number?
True
Is 3